st common divisor of i and b.
8
Let b(d) = -3*d - 4. Let m be b(-10). Let j = 41 - m. Suppose 2*g - j + 3 = 0. What is the highest common divisor of 15 and g?
3
Let j(k) = -2*k**3 + 113*k**2 - 269*k + 50. Let d be j(54). Let f = 136 - 201. Let r = f + d. What is the greatest common factor of r and 273?
39
Let f(t) = 2*t**3 - 30*t**2 + 2. Let d be f(15). Suppose -d*h + g + 73 = 0, g - 71 + 0 = -2*h. What is the greatest common divisor of h and 36?
36
Suppose 18*f + 1201 = 1471. Calculate the highest common factor of f and 395.
5
Let c = -25072 - -25316. Calculate the greatest common divisor of c and 8.
4
Let n(d) = 315*d - 2089. Let r be n(7). What is the greatest common divisor of 35090 and r?
58
Suppose p + 71 = 3*j, 2*j + 2*p - 242 = -184. Let n = 43 + 17. Calculate the greatest common divisor of j and n.
5
Let q be (-37)/(0 + 1)*-1. Suppose -2*m - 10*v = -15*v - 286, 2*m - 304 = -4*v. Suppose -26*s + 25*s = -m. What is the greatest common divisor of s and q?
37
Let x(v) = -39*v**3 - 3*v**2 + 3. Let y be x(-2). Suppose -3*s = 486 + y. Let j = -119 - s. What is the highest common factor of 12 and j?
12
Suppose 12459 = -70*j + 45509 + 16230. What is the highest common factor of j and 4400?
176
Suppose -43*w - 98*w - 19*w = -30400. Let k = -23 + 33. What is the highest common divisor of k and w?
10
Let l = -298 - -417. Suppose 9*y - l - 97 = 0. Suppose 11*g - y = 7*g. What is the highest common divisor of g and 4?
2
Suppose 0 = 4*l - c + 74, -l + 1 - 30 = 5*c. Let a = -43 - l. Let i be (-106)/(-8) - (-3)/a*-6. Calculate the greatest common divisor of i and 126.
14
Let d(f) = f**2 + 45*f + 496. Let r be d(-26). Calculate the highest common factor of 1208 and r.
2
Let c be (-1)/(-5) + 1743/35. Suppose 52*w - 6 = c*w. Calculate the highest common divisor of w and 60.
3
Let q = 4194 - -2593. Calculate the highest common divisor of q and 33.
11
Let y be (2/3 - 84/18) + 32. What is the highest common factor of y and 427?
7
Suppose -7 = 4*p - 11. Let n be (-8)/(-4) - (-19 + p). Suppose 0 = o + 2*y - 214, 756*y - 757*y = o - 217. Calculate the greatest common divisor of o and n.
20
Suppose 0 = 6*h - 1696 - 4184. Calculate the greatest common factor of h and 105.
35
Suppose -4*c + 6 = -c. Let o(u) = u - 19. Let n be o(20). Suppose 15*y - n = 29. What is the highest common divisor of y and c?
2
Let j(h) = 9*h - 37 + 14*h - 31*h + 6*h. Let p be j(-21). What is the highest common divisor of p and 85?
5
Suppose 3*m - 2*c + 43 = 0, -m + 3*c - 11 = 8. Let f(j) = 11*j + 144. Let p be f(m). What is the greatest common divisor of 73 and p?
1
Let t(x) = x**3 + 11*x**2 + 6*x - 12. Let k be t(-10). Let r(m) = -4 + k + 1 - m + 14. Let z be r(9). Calculate the highest common divisor of 6 and z.
6
Let d(n) = -6*n + 19. Let z be d(-3). Suppose -23 - z = -12*w. Suppose 0 = -w*q + 120 + 430. Calculate the highest common divisor of q and 22.
22
Let t(x) = 23*x**3 + 5*x - 4. Let q be t(1). Suppose 0 = -v + 1, -2*b - 1 = -v - q. What is the highest common divisor of b and 57?
3
Let b be ((-1*6)/1)/((-20)/(-70)). Let c be (252/10)/(1 + b/30). Calculate the highest common factor of c and 56.
28
Suppose 5*n + 0*c - 40 = -4*c, -2*n + c = -3. Let u = n + -4. Suppose u = 14*q - 9*q - 50. What is the greatest common divisor of q and 4?
2
Let y(o) = -3*o + 24. Let t be y(11). Let x = t - -35. Let h be 6/(-12) - (-834)/4. Calculate the highest common divisor of h and x.
26
Let r(v) = -v**2 - 10*v - 38. Let n(d) = -4*d - 13. Let c(p) = 8*n(p) - 3*r(p). Let f be c(7). Calculate the highest common factor of 11 and f.
11
Suppose 0 = 216*j - 221*j + 20. What is the greatest common factor of j and 5256?
4
Suppose -26*d + 23*d = -5*u + 169, 3*d = -3*u + 111. What is the highest common divisor of 85 and u?
5
Suppose 5*y - 8*y + 111 = 0. Suppose -3*b + 3*l = -1236, 0*l = 3*b - 2*l - 1231. What is the highest common factor of b and y?
37
Suppose 45*q = 100*q - 150150. What is the highest common divisor of q and 112?
14
Suppose 0 = -0*x + 5*x - 715. Let f be 4993/8 + (-18)/144. Suppose -f - 624 = -48*n. Calculate the highest common divisor of n and x.
13
Let g = -3072 - -3119. Calculate the greatest common factor of 4559 and g.
47
Let m = -840 + 841. Let g be ((-132)/m)/(516/88 + -6). Calculate the highest common divisor of g and 8.
8
Let u = 127 - 41. Suppose -5*p - 3*c = -197, -5*p + 2*c - 90 = -317. What is the highest common factor of u and p?
43
Let o be 0/(1/(-2) + 21/(-14)). Suppose o = -d - d - 2*m + 6, -10 = 2*m. What is the highest common factor of d and 16?
8
Suppose 438*y = 427*y + 583. Let n be (-16)/6*(2 + -161). What is the highest common divisor of y and n?
53
Let x(t) = 23*t + 1847. Let o be x(-67). Calculate the greatest common factor of o and 170.
34
Suppose 30*b - 183799 = -47*b. Calculate the highest common divisor of b and 62.
31
Suppose -395*i = -2*q - 399*i + 12, -4*i = 3*q - 18. Calculate the highest common divisor of q and 3254.
2
Suppose 3097*q + 3094*q = 6207*q - 1216. Calculate the highest common factor of 18962 and q.
38
Let i = 7 - 3. Suppose 7*k - 198 = i*k. Let f be (-22)/(1*(-4 - -3)). What is the greatest common divisor of f and k?
22
Suppose 5*w = -2*o + 3195, 4*o - 3464 = -4*w - 920. Let y = w - -305. What is the greatest common factor of 22 and y?
22
Let x = -1288 + 1321. What is the greatest common factor of x and 3201?
33
Suppose 5*w - 2 - 53 = 0. Suppose -18 = w*h - 20*h. Let s be (4*h)/(9/36). What is the greatest common factor of 8 and s?
8
Suppose -110 + 328 = c + 4*b, -4*c - 4*b = -836. Let v = 266 - c. Calculate the highest common factor of v and 70.
10
Let f be (-9 - -1 - -11)/((-6)/(-2)). Suppose -5*i = -5 - 5. Suppose i*w - 22 = -12. Calculate the greatest common factor of f and w.
1
Suppose -y - 19 = 4*i, -3*y = -i + y + 8. Let t be (-15 - 4)*(2 + 12/i). Suppose b = 2*a + t, 2*a - 3 = -11. What is the highest common factor of 1 and b?
1
Suppose 0 = 5*y + 2*o - 126, -3*o - 8 = o. Let r = 8350 + -8311. What is the greatest common divisor of r and y?
13
Let p(v) = v - 4. Suppose 3*l = -0*l + 18. Let z be p(l). Let r be 1 + 79 + 4/z. Calculate the greatest common factor of r and 205.
41
Let y = 10152 + -9946. What is the greatest common factor of y and 2781?
103
Let r(x) = 6*x + 4. Let p be r(4). Suppose 60*d - 423 = 777. Let m be 1818/90 + 16/d. Calculate the highest common divisor of m and p.
7
Let h = 155 + -110. Suppose 3*k = 6*k - h. Suppose -22*m + k = -21*m. Calculate the highest common divisor of 5 and m.
5
Suppose 8*p = -2*p + 50. Suppose 5*f - 4*f + t - 190 = 0, p*t = -2*f + 389. Calculate the greatest common factor of 34 and f.
17
Let g = 250 - 244. Calculate the greatest common divisor of 1077 and g.
3
Suppose 4*m + 1270 = 5*m. Suppose 2*o - m = 234. What is the highest common factor of o and 16?
16
Let w be ((-220)/25 - 2)/((-4)/60). Calculate the greatest common divisor of w and 150.
6
Suppose -5*n + 4*k + 177 = -0*n, -168 = -5*n + k. Let p be -9*(3080/(-30))/14. What is the highest common factor of p and n?
33
Suppose -2*h + 3*a + 91234 = -819, -3*h - 5*a = -138089. What is the highest common divisor of 148 and h?
148
Let r = -48 + 76. Let s = r + -29. Let b be (-6 + (s - -2))*-13. Calculate the highest common factor of b and 26.
13
Let o = -190 + 133. Let u be (o - -53)/(-4 + (-4)/(-2)). Calculate the greatest common factor of u and 4.
2
Let p = 37057 - 24057. Calculate the highest common factor of 104 and p.
104
Suppose -2*r + 150 = 3*y - 3*r, 5*r = 4*y - 189. Suppose -14*w = y - 93. What is the greatest common factor of 1 and w?
1
Let r be (-5944)/(-24) + (-1)/(-3). Let x = -179 + r. Calculate the highest common divisor of 161 and x.
23
Suppose 15*y = 19*y - 20. Let c(q) = -q**3 + 8*q**2 - 6*q + 46. Let g be c(y). What is the greatest common divisor of 14 and g?
7
Let v be (-46)/6 - (-4)/6 - 3. Let o be (v - -11)/(1/(11*37)). Suppose 4*q - o = -155. What is the highest common divisor of 7 and q?
7
Let a = 10 + -6. Suppose -3*d + 4*n + 21 = 0, d + a = 3*n + 6. What is the greatest common divisor of 319 and d?
11
Suppose 122 + 100 = 3*w. Let n = w + -35. Let p = -16641 + 16644. Calculate the highest common factor of n and p.
3
Let a(s) be the third derivative of -11*s**4/6 - 17*s**3/3 + 16*s**2. Let b be a(-2). Calculate the hi